tor of 534300079?
False
Is 1336791105 a multiple of 13?
True
Does 156 divide 2308481?
False
Is 160 a factor of 512492669?
False
Does 5 divide 171475810?
True
Is 128 a factor of 51197030?
False
Does 22 divide 1368928990?
True
Is 310356675 a multiple of 205?
True
Is 21137792 a multiple of 581?
False
Is 1854 a factor of 118186029?
False
Does 384 divide 2084541868?
False
Does 386 divide 9360114?
True
Is 6700662 a multiple of 142?
False
Does 1247 divide 27397007?
False
Is 11 a factor of 27780676?
True
Is 464 a factor of 403781307?
False
Is 26560876 a multiple of 119?
False
Is 35 a factor of 129641291?
False
Is 75444716 a multiple of 589?
False
Does 123 divide 34533972?
True
Is 5251 a factor of 879035173?
False
Does 210 divide 860494950?
True
Is 5 a factor of 230259440?
True
Does 2022 divide 100978680?
True
Is 193361760 a multiple of 940?
True
Is 215 a factor of 195694966?
False
Is 1072285371 a multiple of 81?
True
Is 28 a factor of 74045241?
False
Is 110086000 a multiple of 5794?
True
Does 22 divide 3056029?
False
Is 1856 a factor of 160633837?
False
Does 97 divide 583285056?
True
Does 15 divide 337282104?
False
Does 32 divide 837082432?
True
Does 9 divide 25223976?
True
Is 940 a factor of 357930380?
True
Does 6 divide 138299466?
True
Is 9874864 a multiple of 124?
True
Is 159 a factor of 18123933?
True
Is 13338328 a multiple of 385?
False
Does 31 divide 78012943?
False
Does 575 divide 372054900?
True
Does 6 divide 15609252?
True
Is 787 a factor of 4704165165?
False
Is 29 a factor of 326772916?
False
Does 984 divide 39339406?
False
Does 197 divide 1017106272?
True
Is 858923314 a multiple of 2017?
True
Does 433 divide 106248241?
True
Does 37 divide 59441388?
True
Does 117 divide 78687733?
False
Is 730543835 a multiple of 14?
False
Does 295 divide 140307900?
True
Does 172 divide 10199625?
False
Is 69 a factor of 4149794064?
False
Does 271 divide 52967763?
True
Is 1790 a factor of 789636976?
False
Is 4911496 a multiple of 142?
True
Is 36989058 even?
True
Is 19 a factor of 39412967?
False
Is 51986484 a multiple of 426?
True
Is 66874403 a multiple of 18?
False
Does 5 divide 64430427?
False
Is 200993602 a multiple of 219?
False
Does 10510 divide 4252444900?
False
Is 3 a factor of 42821739?
True
Is 143871623 a multiple of 260?
False
Is 1198806079 a multiple of 1253?
False
Is 100 a factor of 35478200?
True
Is 1803163670 a multiple of 96?
False
Is 41 a factor of 912301865?
True
Does 71 divide 519806821?
False
Is 23297988 even?
True
Is 86290360 a multiple of 3131?
True
Does 445 divide 27546932?
False
Does 75 divide 7753399?
False
Is 49 a factor of 51532810?
True
Is 14 a factor of 449857488?
False
Does 18 divide 2284524?
True
Is 2979171 a multiple of 291?
False
Does 281 divide 51772845?
True
Is 567 a factor of 2407488062?
False
Does 527 divide 18130381?
True
Does 82 divide 7377460?
False
Is 200 a factor of 115087800?
True
Is 236 a factor of 137796263?
False
Does 1227 divide 14674920?
True
Is 1078432831 a multiple of 3031?
True
Is 658 a factor of 78011164?
True
Does 1687 divide 136518788?
True
Is 106194950 a multiple of 86?
True
Does 2523 divide 218623432?
False
Does 12 divide 105126900?
True
Is 1971001164 a multiple of 33?
True
Is 76320720 a multiple of 280?
True
Is 127188090 a multiple of 19?
True
Is 35638586 a multiple of 6?
False
Is 3148652 a multiple of 458?
False
Is 421439212 a multiple of 46?
True
Is 33 a factor of 510552438?
True
Does 3 divide 273314578?
False
Is 27166262 a multiple of 195?
False
Is 1273 a factor of 18648177?
True
Is 434307510 a multiple of 190?
True
Is 671540380 a multiple of 5180?
True
Is 16435667 a multiple of 481?
False
Is 54 a factor of 23306562?
True
Is 72 a factor of 909266256?
True
Is 10916087 a multiple of 12?
False
Is 5 a factor of 21681023?
False
Does 14 divide 2142557774?
True
Is 421769866 a multiple of 106?
True
Does 35 divide 80871805?
True
Does 227 divide 36149659?
False
Is 39 a factor of 490519483?
False
Is 69 a factor of 47671686?
True
Does 30 divide 268467360?
True
Is 2160112689 a multiple of 421?
True
Is 22781425 a multiple of 28?
False
Does 4827 divide 1129933027?
False
Does 13 divide 15870000?
False
Is 156344 a multiple of 5?
False
Does 517 divide 1052292494?
True
Does 682 divide 25645928?
True
Is 52 a factor of 3826304?
False
Is 1593 a factor of 383046408?
True
Does 1846 divide 763780859?
False
Is 1232079522 a multiple of 37?
False
Is 1249 a factor of 18693783?
True
Does 1712 divide 707824458?
False
Is 1384692792 a multiple of 76?
True
Is 1465 a factor of 1459090190?
True
Is 53353669 a multiple of 41?
True
Is 10698598 a multiple of 4517?
False
Is 4256 a factor of 323255968?
True
Does 80 divide 35928640?
True
Does 18 divide 10981350?
True
Is 7 a factor of 31800187?
False
Is 379462000 a multiple of 27?
False
Does 7 divide 114693215?
True
Is 83 a factor of 11003760?
False
Is 112834362 a multiple of 701?
True
Is 11 a factor of 1061926355?
False
Does 120 divide 96016920?
True
Does 260 divide 31243691?
False
Does 14 divide 34064563?
False
Is 194 a factor of 1116485326?
True
Does 113 divide 46226215?
False
Is 21787438 a multiple of 3587?
True
Is 5018846694 a multiple of 353?
False
Is 256 a factor of 16592436?
False
Is 80508291 a multiple of 45?
False
Is 284567835 a multiple of 19?
False
Does 66 divide 38073095?
False
Is 110 a factor of 26330576?
False
Is 3317 a factor of 2929760152?
True
Is 124 a factor of 2030962668?
False
Does 320 divide 841596160?
True
Does 13 divide 784632784?
True
Is 56069716 a multiple of 548?
True
Is 7 a factor of 9046023?
True
Is 57 a factor of 110517186?
True
Does 29 divide 366194455?
True
Does 9 divide 188577?
True
Does 66 divide 37962933?
False
Is 6 a factor of 929077888?
False
Does 196 divide 206922884?
True
Does 137 divide 3169698?
False
Does 6383 divide 1086635537?
True
Is 79 a factor of 1564079669?
False
Is 8952846 a multiple of 42?
True
Is 7 a factor of 24119058?
False
Is 121657009 a multiple of 71?
True
Does 4710 divide 1378025856?
False
Does 150 divide 200535928?
False
Does 48 divide 301969536?
True
Is 71 a factor of 186489327?
False
Is 54290517 a multiple of 3?
True
Is 149849504 a multiple of 3836?
True
Is 3 a factor of 4485307?
False
Does 340 divide 162034380?
False
Does 51 divide 630611046?
False
Is 358310610 a multiple of 21?
True
Is 6510288 a multiple of 48?
True
Is 1044 a factor of 171252540?
True
Does 2532 divide 163719120?
True
Is 866979094 a multiple of 36?
False
Does 16 divide 5018624?
True
Does 4 divide 1710526750?
False
Is 222 a factor of 20110092?
True
Is 1118 a factor of 55007836?
True
Is 376915273 a multiple of 2873?
False
Does 4278 divide 260298906?
False
Does 20 divide 8663635?
False
Is 8 a factor of 30567600?
True
Is 11 a factor of 200343962?
False
Does 366 divide 24333510?
True
Does 57 divide 57280427?
False
Is 73 a factor of 23736899?
True
Is 34703401 a multiple of 1447?
True
Is 107 a factor of 13185717?
True
Does 217 divide 2172603959?
False
Does 160 divide 15648338?
False
Is 36 a factor of 110835540?
True
Does 104 divide 153323400?
False
Is 816 a factor of 1212576?
True
Is 29 a factor of 156535040?
True
Does 12986 divide 106498186?
True
Does 1239 divide 382735773?
True
Is 206160192 a multiple of 28?
True
Is 1719613419 a multiple of 482?
False
Is 298142080 a multiple of 107?
False
Is 53141688 a multiple of 821?
True
Does 160 divide 452046880?
True
Is 1032 a factor of 283841584?
False
Does 3 divide 6832427?
False
Is 405 a factor of 128065293?
False
Is 181385690 a multiple of 94?
True
Does 197 divide 602033576?
True
Is 49 a factor of 26751305?
True
Is 2285 a factor of 736481310?
False
Is 806653118 a multiple of 17?
False
Is 336 a factor of 212425987?
False
Does 1083 divide 2526592459?
False
Is 335187880 a multiple of 4010?
True
Is 62 a factor of 742071242?
True
Is 107 a factor of 6891053?
False
Does 55 divide 24777822?
False
Is 267 a factor of 93844893?
True
Does 892 divide 73349845?
False
Is 49 a factor of 406508263?
True
Does 2451 divide 96906290?
False
Does 2818 divide 6024884?
True
Is 40 a factor of 34595760?
True
Is 82 a factor of 97173362?
True
Is 214 a factor of 372003904?
True
Is 266005320 a multiple of 9310?
True
Is 11 a factor of 975477264?
False
Does 33 divide 8074375?
False
Is 230818684 a multiple of 51?
False
Does 227 divide 16664649?
False
Is 2173394